{"id":883,"date":"2019-01-14T10:53:04","date_gmt":"2019-01-14T09:53:04","guid":{"rendered":"https:\/\/www.sgdf-lorette.fr\/?page_id=883"},"modified":"2019-02-11T21:28:25","modified_gmt":"2019-02-11T20:28:25","slug":"actualite-jeannettes","status":"publish","type":"page","link":"https:\/\/www.sgdf-lorette.fr\/?page_id=883","title":{"rendered":"Actualit\u00e9 Jeannettes"},"content":{"rendered":"\n<p style=\"font-size:18px\"><strong>D\u00eeners de Sizaine le 15 f\u00e9vrier 2019<\/strong><\/p>\n\n\n\n<p>Ch\u00e8res Jeannettes, nous comptons sur vous pour organiser les d\u00eeners de sizaine. <\/p>\n\n\n\n<figure class=\"wp-block-video\"><video height=\"480\" style=\"aspect-ratio: 848 \/ 480;\" width=\"848\" controls src=\"https:\/\/www.sgdf-lorette.fr\/wp-content\/uploads\/2019\/01\/WhatsApp-Video-2019-01-23-at-16.30.21.mp4\"><\/video><figcaption>Week-end du 2 et 3 f\u00e9vier &#8211; Bande annonce<\/figcaption><\/figure>\n","protected":false},"excerpt":{"rendered":"<p>D\u00eeners de Sizaine le 15 f\u00e9vrier 2019 Ch\u00e8res Jeannettes, nous comptons sur vous pour organiser les d\u00eeners de sizaine.<\/p>\n","protected":false},"author":1,"featured_media":0,"parent":32,"menu_order":0,"comment_status":"closed","ping_status":"closed","template":"","meta":{"ngg_post_thumbnail":0,"footnotes":""},"class_list":["post-883","page","type-page","status-publish","hentry"],"_links":{"self":[{"href":"https:\/\/www.sgdf-lorette.fr\/index.php?rest_route=\/wp\/v2\/pages\/883","targetHints":{"allow":["GET"]}}],"collection":[{"href":"https:\/\/www.sgdf-lorette.fr\/index.php?rest_route=\/wp\/v2\/pages"}],"about":[{"href":"https:\/\/www.sgdf-lorette.fr\/index.php?rest_route=\/wp\/v2\/types\/page"}],"author":[{"embeddable":true,"href":"https:\/\/www.sgdf-lorette.fr\/index.php?rest_route=\/wp\/v2\/users\/1"}],"replies":[{"embeddable":true,"href":"https:\/\/www.sgdf-lorette.fr\/index.php?rest_route=%2Fwp%2Fv2%2Fcomments&post=883"}],"version-history":[{"count":3,"href":"https:\/\/www.sgdf-lorette.fr\/index.php?rest_route=\/wp\/v2\/pages\/883\/revisions"}],"predecessor-version":[{"id":1096,"href":"https:\/\/www.sgdf-lorette.fr\/index.php?rest_route=\/wp\/v2\/pages\/883\/revisions\/1096"}],"up":[{"embeddable":true,"href":"https:\/\/www.sgdf-lorette.fr\/index.php?rest_route=\/wp\/v2\/pages\/32"}],"wp:attachment":[{"href":"https:\/\/www.sgdf-lorette.fr\/index.php?rest_route=%2Fwp%2Fv2%2Fmedia&parent=883"}],"curies":[{"name":"wp","href":"https:\/\/api.w.org\/{rel}","templated":true}]}}