{"id":130,"date":"2018-01-11T19:36:03","date_gmt":"2018-01-11T18:36:03","guid":{"rendered":"https:\/\/www.sgdf-lorette.fr\/?page_id=130"},"modified":"2019-01-20T14:35:25","modified_gmt":"2019-01-20T13:35:25","slug":"farfadets","status":"publish","type":"page","link":"https:\/\/www.sgdf-lorette.fr\/?page_id=130","title":{"rendered":"Farfadets"},"content":{"rendered":"<p>La ronde des Farfadets regroupe les filles et les gar\u00e7ons \u00e2g\u00e9s de 6 \u00e0 8 ans.&nbsp; Encadr\u00e9s par un responsable et leurs parents les Farfadultes, ils d\u00e9couvrent le scoutisme \u00e0 leur niveau pendant des s\u00e9ances o\u00f9 le jeu, le respect des autres et de l&rsquo;environnement ainsi que l&rsquo;esprit d&rsquo;\u00e9quipe sont les th\u00e8mes principaux abord\u00e9s !<br \/>\nCette tranche d&rsquo;\u00e2ge a fait son apparition dans le groupe \u00e0 la rentr\u00e9e 2017.&nbsp;Et la ronde des Farfadets s&rsquo;est agrandie au cours de l&rsquo;ann\u00e9e et totalise maintenant six&nbsp; enfants en polo verts !<\/p>\n<p><span style=\"text-decoration: underline;\">Responsables Farfadets :<\/span><\/p>\n<p>&#8211; Nicolas Rohrer et Eric-Alexis Fortier<\/p>\n","protected":false},"excerpt":{"rendered":"<p>La ronde des Farfadets regroupe les filles et les gar\u00e7ons \u00e2g\u00e9s de 6 \u00e0 8 ans.&nbsp; Encadr\u00e9s par un responsable et leurs parents les Farfadultes, ils d\u00e9couvrent le scoutisme \u00e0 leur niveau pendant des s\u00e9ances o\u00f9 le jeu, le respect des autres et de l&rsquo;environnement ainsi que l&rsquo;esprit d&rsquo;\u00e9quipe sont les th\u00e8mes principaux abord\u00e9s ! [&hellip;]<\/p>\n","protected":false},"author":1,"featured_media":769,"parent":0,"menu_order":0,"comment_status":"closed","ping_status":"closed","template":"","meta":{"ngg_post_thumbnail":0,"footnotes":""},"class_list":["post-130","page","type-page","status-publish","has-post-thumbnail","hentry"],"_links":{"self":[{"href":"https:\/\/www.sgdf-lorette.fr\/index.php?rest_route=\/wp\/v2\/pages\/130","targetHints":{"allow":["GET"]}}],"collection":[{"href":"https:\/\/www.sgdf-lorette.fr\/index.php?rest_route=\/wp\/v2\/pages"}],"about":[{"href":"https:\/\/www.sgdf-lorette.fr\/index.php?rest_route=\/wp\/v2\/types\/page"}],"author":[{"embeddable":true,"href":"https:\/\/www.sgdf-lorette.fr\/index.php?rest_route=\/wp\/v2\/users\/1"}],"replies":[{"embeddable":true,"href":"https:\/\/www.sgdf-lorette.fr\/index.php?rest_route=%2Fwp%2Fv2%2Fcomments&post=130"}],"version-history":[{"count":9,"href":"https:\/\/www.sgdf-lorette.fr\/index.php?rest_route=\/wp\/v2\/pages\/130\/revisions"}],"predecessor-version":[{"id":1028,"href":"https:\/\/www.sgdf-lorette.fr\/index.php?rest_route=\/wp\/v2\/pages\/130\/revisions\/1028"}],"wp:featuredmedia":[{"embeddable":true,"href":"https:\/\/www.sgdf-lorette.fr\/index.php?rest_route=\/wp\/v2\/media\/769"}],"wp:attachment":[{"href":"https:\/\/www.sgdf-lorette.fr\/index.php?rest_route=%2Fwp%2Fv2%2Fmedia&parent=130"}],"curies":[{"name":"wp","href":"https:\/\/api.w.org\/{rel}","templated":true}]}}